)/(-4)*24 - -8399. What is the highest common factor of z and 26?
13
Suppose -3*m = 6*l - 14550, -55*l + 5*m = -60*l + 12125. What is the greatest common factor of 75 and l?
25
Suppose -4*b + 2*b = -10. Let i(k) = 187*k + 16855. Let a be i(-90). What is the highest common divisor of a and b?
5
Let y(t) = t**2 + 81*t + 1112. Let i be y(-17). Calculate the highest common factor of i and 5676.
12
Let y be 15/6*(-832)/(-20). Suppose -4*x + 146 = -4*q + 2*q, -4*q = 3*x - y. What is the highest common factor of 90 and x?
18
Let o = 36858 - 36483. What is the greatest common divisor of o and 275?
25
Let b be (12/(6/(-2)))/(-1 + -1). Suppose b*r = 13 + 9. Calculate the highest common factor of r and 2.
1
Let s be (-3)/(12/76) + 3717. What is the greatest common divisor of s and 2?
2
Let y be (94/(-658))/((-2)/7)*8. Let m(f) = 9*f - 1. Let h be m(1). Calculate the greatest common divisor of h and y.
4
Let q = 1542 + -995. Let w = q + -511. What is the highest common divisor of w and 84?
12
Suppose -4*y + 3*w + 11 = 0, -3*y + 2*y = -5*w - 7. Let t = 19 + y. Suppose 0 = 6*i + t - 471. What is the greatest common divisor of i and 15?
15
Let i be (-8)/(24/(-27)) + 6. Let m(q) = -5*q**2 + q - 3. Let o be m(-3). Let a = o + 86. Calculate the highest common factor of a and i.
5
Suppose 0 = 26*u - 32*u + 576. Let n = u - 91. Suppose 31 = 3*j - n. Calculate the greatest common divisor of j and 48.
12
Let d be (-4400)/600*(-192)/2. Calculate the greatest common factor of d and 572.
44
Let a be (-70)/(-28)*(-7)/(70/(-12)). Suppose -o + 8 = -w + 140, a*w = 2*o + 396. Suppose 15 = g - 18. What is the highest common divisor of g and w?
33
Let l = -5 - -1. Let c(r) = 2*r**2 - 4*r - 24. Let u be c(5). Let p = u - l. Calculate the greatest common factor of p and 10.
10
Suppose -12*h + 62 = 14. Suppose 3*w + 5*d - 214 = -0*w, -h*d = 3*w - 212. Suppose 0 = -3*t + 7*t - w. Calculate the highest common factor of 187 and t.
17
Let n be 5*((-288)/(-15) + -2). Let c = -60 + 158. Let l = c - n. Calculate the greatest common factor of l and 3.
3
Suppose 4*u = 0, 9*b + 2*u = 4*b + 35. Suppose 0 = -b*p + 2092 - 391. Let a(t) = t**2 - t + 7. Let v be a(5). Calculate the greatest common factor of v and p.
27
Let d = -1 + 10. Let k = -8 + d. Let q be (-4 + 19)/5 + k*73. Calculate the highest common divisor of 19 and q.
19
Let i = 5831 + -3595. What is the greatest common divisor of i and 104?
52
Let n = -29 + 590. Calculate the highest common factor of n and 143.
11
Let k(x) = 3*x**2 + 18*x - 224. Let t be k(8). Calculate the greatest common factor of 9968 and t.
112
Let c = 464 + -46. Suppose -7*r - 564 = -54*r. Suppose -2*i - y + 75 = 0, -r*i = -9*i - 3*y - 117. What is the highest common factor of i and c?
38
Let r(n) = -n**3 + 6 - 10*n**2 + 9*n**2 + 3*n - 7. Let z be r(-3). Suppose -84 = -3*y - 0*y. Calculate the greatest common factor of z and y.
4
Let v be (18 - 22)*(-555)/10. Calculate the greatest common divisor of 102 and v.
6
Let f(q) = -2*q**2 - 42*q + 9. Let j be f(-21). Let i = 149 - -4. What is the greatest common divisor of j and i?
9
Let m(a) = a**2 - 6*a - 27. Let u be m(-14). Let h = u - 125. Let p = h - 126. Calculate the greatest common factor of 26 and p.
2
Let z(m) = 31*m**2 + m - 1. Let q = 8 - 3. Let b be (1 - 0 - -1) + (4 - q). Let y be z(b). Calculate the highest common factor of y and 341.
31
Let r = 38 + -22. Let d(m) = -2*m**2 - 9*m + 13. Let x be d(-6). Let o = 139 - x. What is the highest common divisor of o and r?
16
Suppose 0 = -0*y + 2*y - 84. Let c = -353 + 354. Calculate the highest common factor of y and c.
1
Let o = -224 - -200. Let c be (-270)/o*(-64)/(-12). Let q(d) = d**2 + 5*d + 9. Let x be q(-6). Calculate the highest common factor of c and x.
15
Let c(r) = 8*r**2 + 39*r + 5. Let n be c(-14). Calculate the highest common factor of n and 13.
13
Let m be 60918/363 - (-2)/22*2. What is the greatest common factor of m and 11256?
168
Suppose 0 = -8*n - 0 + 16. Let r(w) = 2*w - w**3 - 4 + n - 52*w**2 + 56*w**2. Let a be r(4). Calculate the highest common divisor of 6 and a.
6
Let c(d) = -25*d + 246. Let b(v) = 77*v - 739. Let r(p) = 3*b(p) + 8*c(p). Let i be r(11). Calculate the highest common factor of 138 and i.
46
Suppose 26 = 4*y + 6. Suppose -3*s + 4 = -y. Suppose 0*k - s*k + 4*p + 32 = 0, -4*p = k. What is the highest common divisor of 8 and k?
8
Let i(c) = c**3 + 5*c**2 - 6*c + 4. Let l be i(-6). Suppose 4*o - 2 = 6*o - 3*r, 3*r = o + 4. What is the highest common factor of l and o?
2
Let k be -123*(26/3*-4 + 0/56). What is the highest common divisor of k and 574?
82
Let j(i) = 29*i**2 + 1. Let a be j(-2). Let o = a - 117. Suppose o = 47*f - 49*f + 242. Calculate the greatest common factor of f and 22.
11
Let q be 6/15 + 1236/10. Suppose -1071*v - 4*b = -1072*v + 68, 0 = 2*v + 4*b + 32. Calculate the greatest common factor of v and q.
4
Suppose -4*f + 34 = 2*u, -3*f = -1 + 7. Suppose u*a - 25*a = -684. Let k = 1 + 18. What is the greatest common factor of a and k?
19
Suppose -5*t + g + 42 = 0, -5*t - 3*g = -12 - 22. Suppose 0 = -3*r + 2*s - 2, 44*s - 47*s = 3*r - 33. What is the highest common factor of t and r?
4
Let r = -1225 - -3414. What is the highest common divisor of 11 and r?
11
Let v(d) = 17*d + d**2 + 23*d - 29*d + 67. Let p be v(-9). Calculate the highest common factor of p and 539.
49
Let n(i) = 649*i**2 + 11*i + 11. Let u be n(-1). Calculate the greatest common factor of 44 and u.
11
Let d = -21 - -22. Let a be (-306)/(-27) - (d - 0)/3. Let h be 240/a - (-22)/121. What is the greatest common divisor of h and 44?
22
Let i be (129/301)/((-3)/(-378)). Let g = -347 + 725. Calculate the greatest common divisor of i and g.
54
Suppose 14*u + 20*u - 6*u = 6580. What is the greatest common divisor of u and 10?
5
Let j(z) = z**2 + 2*z - 9. Let o be j(-5). Suppose 8*u - o*u = -56. Let c be 198/8 - (-21)/u. Calculate the highest common divisor of 12 and c.
12
Suppose 4*i - 5*m + 561 = 2872, 3*i + 4*m = 1710. What is the highest common divisor of 14 and i?
14
Let g = 10186 + -10066. Let c(b) = -3 - 2*b**2 + 4*b**2 + 0*b**2 - 3*b. Let k be c(-3). What is the highest common divisor of g and k?
24
Let t(c) = 2*c**3 - 4*c**2 - 278*c + 824. Let h be t(3). What is the highest common factor of 3184 and h?
8
Suppose -18*g + 5682 = 2*g - 11438. What is the greatest common factor of g and 24?
8
Suppose -15*b - 5542 = 2*b. Let t = 340 + b. Let l = -3 - -38. What is the greatest common factor of t and l?
7
Suppose -84*n + 1470 = -1218. Calculate the highest common divisor of 28768 and n.
32
Let w be 302/6 + (-1)/3. Let q = -513 + 515. Let x be 8 - (-13)/(13/q). Calculate the greatest common divisor of x and w.
10
Suppose 43*u - 39*u - 840 = -4*z, -4*z = -2*u + 378. What is the highest common factor of 1247 and u?
29
Suppose 10*u + 0*u - 178 = -78. What is the greatest common divisor of u and 3645?
5
Suppose -14*h + 476 = -10*h + 4*k, 4*h + 2*k = 484. Let b = -11 - -93. Calculate the highest common divisor of h and b.
41
Let p be (-42)/(5/(-135)*3). Suppose -135 = -0*h - 5*h. Calculate the greatest common factor of p and h.
27
Let k = 608 + -339. Let x be 1677/52*2/3*2. Suppose 4*a + x = 2*s + k, -a = 2*s - 54. Calculate the highest common divisor of a and 7.
7
Suppose -8 = -4*l, -4 = 2*v + 6*l - 2*l. Let y be (-4)/6*(v + 942)/(-8). Calculate the highest common factor of y and 24.
6
Suppose -4*r + 2932 = 4*z, -2*z + 24*r = 25*r - 1468. What is the greatest common divisor of z and 931?
49
Let h(j) = j**2 - 2*j - 36. Let y be h(7). Let x be 828/115 - y/(-5). Calculate the greatest common factor of x and 56.
7
Suppose -5*l - o + 249 = 0, 0 = -3*l + 4*o - o + 135. Suppose 2215 = 30*j - 125. Suppose -36 + j = 6*i. What is the greatest common divisor of l and i?
7
Let s(x) = 1 - 35 - 8 + 2*x - 8*x. Let n be s(-11). Suppose b - 29 = -2*z, -88 = -4*z + 5*b - 9. What is the greatest common factor of n and z?
8
Let r(i) = -168*i + 1009. Let l be r(6). Suppose 5*y + 2 - 12 = 0. Let p be ((-8)/y)/(l/(-6)). Calculate the greatest common divisor of 12 and p.
12
Let w(i) = i**2 + i - 177. Let t be w(-15). Calculate the highest common divisor of 319 and t.
11
Let t(b) = 19*b**2 - 44*b - 175. Let q be t(-5). What is the greatest common factor of 15860 and q?
260
S